what is c - -4?
10
In base 13, what is -191 + 4?
-18a
In base 2, what is 1101 - 100?
1001
In base 10, what is 7 + 9?
16
In base 12, what is 5 - 27?
-22
In base 11, what is 0 - -4?
4
In base 5, what is -314201 + 4?
-314142
In base 14, what is -4 + -c9?
-cd
In base 3, what is 101 - -101020?
101121
In base 10, what is 2092 - 2?
2090
In base 14, what is 30 + 65?
95
In base 9, what is -562 + 4?
-557
In base 3, what is 1111 - 10?
1101
In base 8, what is 7 + 3?
12
In base 10, what is 48 - 50?
-2
In base 8, what is -447 - 5?
-454
In base 6, what is 2 + -4305?
-4303
In base 12, what is -1a1 + -1?
-1a2
In base 11, what is -14a - -14?
-136
In base 9, what is -13 + -257?
-271
In base 12, what is -a + -358?
-366
In base 13, what is 7 - -280?
287
In base 15, what is -2 + -6b9?
-6bb
In base 7, what is 33300 + -4?
33263
In base 14, what is -4 + -4?
-8
In base 9, what is -1 - 886?
-887
In base 6, what is 101132 + 5?
101141
In base 6, what is 112251 + 4?
112255
In base 13, what is 1 + 202?
203
In base 2, what is 100010010111 - -10?
100010011001
In base 12, what is 11 - -b?
20
In base 5, what is 414 + 13?
432
In base 9, what is -100 - 0?
-100
In base 3, what is 2 - -122021?
122100
In base 7, what is 11 + -1511?
-1500
In base 9, what is -5 - 101?
-106
In base 12, what is 157 - 5?
152
In base 5, what is -1 - -122?
121
In base 16, what is -1d + -1?
-1e
In base 12, what is -5 + -5189?
-5192
In base 11, what is 5 + -34?
-2a
In base 9, what is 5 - 1430?
-1424
In base 8, what is -3 + 1515?
1512
In base 13, what is 87 - -3?
8a
In base 7, what is -50 - -12?
-35
In base 12, what is 23 - -a?
31
In base 14, what is -3 - ca?
-cd
In base 12, what is -1 - -6b7?
6b6
In base 4, what is 111012 + 10?
111022
In base 4, what is -30000 - -1?
-23333
In base 11, what is 1 - 154?
-153
In base 9, what is 277 - -2?
280
In base 4, what is 133201 - -1?
133202
In base 13, what is 6 + 16b?
174
In base 12, what is -4 + -121?
-125
In base 14, what is -1 + -3d?
-40
In base 2, what is -10111111110 - 10?
-11000000000
In base 7, what is 1220 + 0?
1220
In base 9, what is 31616 + -2?
31614
In base 7, what is -1 - 126?
-130
In base 6, what is -10 + 234?
224
In base 11, what is -4 + 101?
a8
In base 16, what is -1 + 54?
53
In base 15, what is b97 + -2?
b95
In base 5, what is -433 - -111?
-322
In base 3, what is -221221 + -2?
-222000
In base 7, what is -22 + 1?
-21
In base 15, what is 291 - 1?
290
In base 11, what is -4 - 224?
-228
In base 11, what is 8 + a8?
105
In base 15, what is -29d - 5?
-2a3
In base 4, what is -20330 + 0?
-20330
In base 13, what is -1 - -8a1?
8a0
In base 9, what is 47 - -137?
185
In base 14, what is -23 + 1?
-22
In base 6, what is 3324 + -5?
3315
In base 11, what is -1736 + 1?
-1735
In base 6, what is 520 + -1?
515
In base 7, what is 5121 + -2?
5116
In base 13, what is -5 + 2?
-3
In base 16, what is 3 - 1f?
-1c
In base 11, what is 18 - 487?
-46a
In base 14, what is 50a + -5?
505
In base 12, what is -285 + -7?
-290
In base 6, what is 25350 + 11?
25401
In base 16, what is -1e5 + -2?
-1e7
In base 5, what is -42210 - -4?
-42201
In base 9, what is 4 - 551?
-546
In base 6, what is 55 + -35?
20
In base 15, what is 6 + 35?
3b
In base 11, what is 2 - 12?
-10
In base 5, what is 22 - -13?
40
In base 15, what is -4 + 14?
10
In base 13, what is 7 - 345?
-33b
In base 11, what is -3 + -7?
-a
In base 12, what is -129 - 18?
-145
In base 6, what is 1 - 11210?
-11205
In base 9, what is 18 - -150?
168
In base 6, what is -150 + -434?
-1024
In base 12, what is -3 + -2323?
-2326
In base 3, what is 0 - -1200?
1200
In base 4, what is 2021223 - 10?
2021213
In base 2, what is 11010011 - 100?
11001111
In base 16, what is -a - 1fe?
-208
In base 4, what is 21213 + 30?
21303
In base 7, what is -2 + 634?
632
In base 8, what is 0 - 3566?
-3566
In base 12, what is -12a - -3a?
-b0
In base 3, what is 11222 + -10001?
1221
In base 8, what is -313 + 157?
-134
In base 6, what is -3001 - -1?
-3000
In base 13, what is b + -a3?
-95
In base 14, what is -1a - 11?
-2b
In base 11, what is -17 - -174?
158
In base 6, what is -13 - 43?
-100
In base 10, what is 4 - 28?
-24
In base 11, what is -4 + 164?
160
In base 10, what is 4802 + 4?
4806
In base 4, what is -31312 + -1?
-31313
In base 5, what is -23014 - -4?
-23010
In base 9, what is -576 - 15?
-602
In base 7, what is -264 - 2?
-266
In base 16, what is -5 - -3ed?
3e8
In base 16, what is 5 + 4e?
53
In base 9, what is 386 - -31?
427
In base 12, what is 535 - 6?
52b
In base 9, what is 67 - 5?
62
In base 6, what is 0 - 14210?
-14210
In base 3, what is 10221 - 12?
10202
In base 13, what is 4 + 61?
65
In base 16, what is 1 + 58?
59
In base 4, what is 1012 - 12?
1000
In base 6, what is -11350 + -5?
-11355
In base 11, what is 316 - 2?
314
In base 16, what is 22ff - 5?
22fa
In base 14, what is -2b6 - 1?
-2b7
In base 14, what is 0 - -1727?
1727
In base 16, what is 37 + -7?
30
In base 13, what is -2a - 17?
-44
In base 5, what is -33201 + -2?
-33203
In base 8, what is 1 - 11466?
-11465
In base 14, what is -36a + -2?
-36c
In base 7, what is -14 - -541?
524
In base 15, what is 1 + -43?
-42
In base 9, what is -13 + 127?
114
In base 2, what is -11010 + 1010000?
110110
In base 15, what is -1 - 2ce?
-2d0
In base 10, what is -43 - -3?
-40
In base 14, what is b - 3?
8
In base 13, what is -1 + 960?
95c
In base 4, what is -3 - 123023?
-123032
In base 3, what is 121 - -10201?
11022
In base 12, what is -1 + -61?
-62
In base 9, what is 503 - 2?
501
In base 3, what is -12 - -2202011?
2201222
In base 11, what is 4 - -142?
146
In base 3, what is 12 + -2201101?
-2201012
In base 15, what is 2 + 1ae?
1b1
In base 9, what is -1636 - -5?
-1631
In base 4, what is -13 + -122?
-201
In base 6, what is -2000 + -4?
-2004
In base 9, what is 16211 - 0?
16211
In base 7, what is 3433 - 0?
3433
In base 12, what is 5 + b?
14
In base 3, what is 10 - -1022?
1102
In base 5, what is 14 + -120?
-101
In base 3, what is 12 - 1210020?
-1210001
In base 11, what is -137 + -2?
-139
In base 14, what is -3 - 502?
-505
In base 13, what is 102 - -1?
103
In base 3, what is 1 - -20022012?
20022020
In base 7, what is 0 + -1062?
-1062
In base 9, what is -4 - -335?
331
In base 12, what is -14 + -1?
-15
In base 15, what is -6 - -c5?
be
In base 11, what is -59 - 2?
-60
In base 5, what is 241 + 10?
301
In base 7, what is 5 - -2?
10
In base 2, what is 100100 - -10011?
110111
In base 10, what is -16 - -9?
-7
In base 10, what is -1919 - -5?
-1914
In base 14, what is 5 - -23c?
243
In base 13, what is 5 - -6?
b
In base 9, what is 623 - 2?
621
In base 15, what is 20 - -1e0?
210
In base 13, what is -9 - 190?
-199
In base 9, what is -1 - -57?
56
In base 9, what is 2 - 67?
-65
In base 6, what is -41524 - 0?
-41524
In base 2, what is -11111100 - -11111?
-11011101
In base 15, what is 3 + -10?
-c
In base 6, what is -5 + 41?
32
In base 15, what is 3 + -6e?
-6b
In base 11, what is -3 + 12?
a
In base 2, what is -101 - -11101011?
11100110
In base 15, what is 2 + 1c?
1e
In base 7, what is 22 - 5?
14
In base 8, what is 1 + 217?
220
In base 7, what is 151 - -10?
161
In base 4, what is -3 + 103?
100
In base 5, what is -21 + 2?
-14
In base 14, what is -ddc + -3?
-1001
In base 7, what is 15 - 600?
-552
In base 14, what is 2a8 - 7?
2a1
In base 7, what is -6311 - -1?
-6310
In base 14, what is 2c - -6?
34
In base 16, what is 4f + a?
59
In base 12, what is -194 + -2?
-196
In base 6, what is 43 + -54?
-11
In base 13, what is -8 + 10b?
103
In base 11, what is -61 - 10?
-71
In base 3, what is 1020121 - 0?
1020121
In base 15, what is 5 - 288?
-283
In base 13, what is 17b + -4?
177
In base 13, what is c + -22b?
-21c
In base 6, what is -311 + -23?
-334
In base 5, what is 23 - -10?
33
In base 3, what is -22 - -200?
101
In base 14, what is -aa3 + -2?
-aa5
In base 4, what is 20023 - 0?
20023
In base 14, what is -617b + 4?
-6177
In base 4, what is -10 + -3010?
-3020
In base 14, what is -10c + -3?
-111
In base 8, what is -22 - 34?
-56
In base 3, what is 20 - 2022101?
-2022011
In base 10, what is 1 + -306?
-305
In base 10, what is -250 - 21?
-271
In base 2, what is 1010011101 + 0?
1010011101
In base 8, what is 0 - 6171?
-6171
In base 6, what is -1 + -1355?
-1400
In base 5, what is 42 + 11?
103
In base 7, what is 11 - -164?
205
In base 11, what is 1a - -12?
31
In base 10, what is 